{"id":809,"date":"2023-09-25T11:08:49","date_gmt":"2023-09-25T09:08:49","guid":{"rendered":"https:\/\/linkbig.es\/linkbig-team\/maribel-bascon\/"},"modified":"2025-02-06T11:43:40","modified_gmt":"2025-02-06T10:43:40","slug":"maribel-bascon","status":"publish","type":"team","link":"https:\/\/linkbig.es\/ca\/linkbig-equip\/maribel-bascon\/","title":{"rendered":"Maribel Basc\u00f3n"},"content":{"rendered":"\n<section class=\"wp-block-group alignfull team__section-header is-style-section is-layout-constrained wp-block-group-is-layout-constrained\">\n<div class=\"wp-block-columns alignwide is-layout-flex wp-container-core-columns-is-layout-1 wp-block-columns-is-layout-flex\">\n<div class=\"wp-block-column team__portrait-column is-layout-flow wp-block-column-is-layout-flow\" style=\"flex-basis:33.33%\"><figure class=\"team__portrait wp-block-post-featured-image\"><img loading=\"lazy\" decoding=\"async\" width=\"1200\" height=\"1600\" src=\"https:\/\/linkbig.es\/wp-content\/uploads\/2023\/09\/foto-maribel.jpg\" class=\"attachment-post-thumbnail size-post-thumbnail wp-post-image\" alt=\"\" style=\"object-fit:cover;\" srcset=\"https:\/\/linkbig.es\/wp-content\/uploads\/2023\/09\/foto-maribel.jpg 1200w, https:\/\/linkbig.es\/wp-content\/uploads\/2023\/09\/foto-maribel-338x450.jpg 338w, https:\/\/linkbig.es\/wp-content\/uploads\/2023\/09\/foto-maribel-768x1024.jpg 768w, https:\/\/linkbig.es\/wp-content\/uploads\/2023\/09\/foto-maribel-50x67.jpg 50w, https:\/\/linkbig.es\/wp-content\/uploads\/2023\/09\/foto-maribel-1152x1536.jpg 1152w, https:\/\/linkbig.es\/wp-content\/uploads\/2023\/09\/foto-maribel-75x100.jpg 75w, https:\/\/linkbig.es\/wp-content\/uploads\/2023\/09\/foto-maribel-150x200.jpg 150w, https:\/\/linkbig.es\/wp-content\/uploads\/2023\/09\/foto-maribel-225x300.jpg 225w\" sizes=\"auto, (max-width: 1200px) 100vw, 1200px\" \/><\/figure>\n\n<div class=\"linkedin-team-button\">\n\t<p class=\"linkedin-team-button__label\">Segueix-me a:<\/p>\n\t\t\t<a href=\"https:\/\/www.linkedin.com\/in\/maribel-basc%C3%B3n-barrera\/\" target=\"_blank\"  class=\"linkedin-team-button__link\">\n\t\t\t<i class=\"icon-linkedin\"><\/i>\n\t\t\t<span class=\"screen-reader-text\">Linkedin<\/span>\n\t\t<\/a>\n\t<\/div>\n<\/div>\n\n\n\n<div class=\"wp-block-column team__bio-column is-layout-flow wp-block-column-is-layout-flow\" style=\"flex-basis:66.66%\"><h1 class=\"wp-block-post-title\">Maribel Basc\u00f3n<\/h1>\n\n\n<p class=\"team__featured-text has-medium-font-size\"><strong>Col\u00b7laboradora a LINKBIG, S.L.<\/strong><\/p>\n\n\n\n<p>Maribel est\u00e0 certificada en Coaching Teleol\u00f2gic, lideratge i desenvolupament personal. \u00c9s una persona apassionada per arribar a l\u2019ess\u00e8ncia de cada \u00e9sser hum\u00e0, acompanyant-lo en el seu autodescobriment i retrobament. A trav\u00e9s del coaching, el teatre, la m\u00fasica i la dansa, la gamificaci\u00f3 i els cavalls, acompanya les persones perqu\u00e8 assoleixin tot el seu potencial i aconsegueixin el millor lideratge possible en les seves vides, tant a nivell personal com professional.<\/p>\n<\/div>\n<\/div>\n<\/section>\n\n\n\n<section class=\"wp-block-group alignfull team__section-description is-style-section has-primary-background-color has-background is-layout-constrained wp-block-group-is-layout-constrained\">\n<div class=\"wp-block-group alignwide is-layout-constrained wp-block-group-is-layout-constrained\">\n<h2 class=\"wp-block-heading alignfull has-secondary-color has-text-color\"><strong>Com \u00e9s Maribel Basc\u00f3n?<\/strong><\/h2>\n<\/div>\n\n\n\n<div class=\"wp-block-columns alignwide are-vertically-aligned-center is-layout-flex wp-container-core-columns-is-layout-2 wp-block-columns-is-layout-flex\">\n<div class=\"wp-block-column is-vertically-aligned-center is-layout-flow wp-block-column-is-layout-flow\" style=\"flex-basis:60%\">\n<div class=\"wp-block-group is-layout-constrained wp-block-group-is-layout-constrained\">\n<p class=\"has-secondary-color has-text-color has-medium-font-size\"><strong>Valenta<\/strong><\/p>\n\n\n\n<p class=\"has-white-color has-text-color\">S\u2019ha reinventat diverses vegades, sap el que costa fer canvis, els ha viscut en primera persona i sent que \u00e9s molt m\u00e9s f\u00e0cil si alg\u00fa t\u2019acompanya en moments tan crucials.<\/p>\n<\/div>\n\n\n\n<div class=\"wp-block-group is-layout-constrained wp-block-group-is-layout-constrained\">\n<p class=\"has-secondary-color has-text-color has-medium-font-size\"><strong>Perseverant<\/strong><\/p>\n\n\n\n<p class=\"has-white-color has-text-color\">La seva visi\u00f3 \u00e9s aconseguir un m\u00f3n m\u00e9s conscient, on les persones tinguin un coneixement m\u00e9s profund d&#8217;elles mateixes i es puguin allunyar del seu ego, ja que aquest les separa de la seva ess\u00e8ncia com a \u00e9ssers humans. La const\u00e0ncia en tot all\u00f2 que es proposa i la seva dedicaci\u00f3 a les persones s\u00f3n el seu principal prop\u00f2sit.<\/p>\n<\/div>\n\n\n\n<div class=\"wp-block-group is-layout-constrained wp-block-group-is-layout-constrained\">\n<p class=\"has-secondary-color has-text-color has-medium-font-size\"><strong>Sensible<\/strong><\/p>\n\n\n\n<p class=\"has-white-color has-text-color\">Maribel \u00e9s una Persona Altament Sensible (PAS). T\u00e9 una gran escolta activa, que, juntament amb la seva capacitat d\u2019observaci\u00f3 i el seu coneixement en l\u2019\u00e0mbit corporal, li permet connectar amb l\u2019interior de les persones i acompanyar-les fins a assolir els seus objectius. La seva gran sensibilitat li permet generar vincles de confian\u00e7a, on el client se sent segur i sostingut.<\/p>\n<\/div>\n<\/div>\n\n\n\n<div class=\"wp-block-column is-vertically-aligned-center is-layout-flow wp-block-column-is-layout-flow\" style=\"flex-basis:40%\">\n<figure class=\"wp-block-image size-full is-style-rounded-corners\"><img loading=\"lazy\" decoding=\"async\" width=\"618\" height=\"914\" src=\"https:\/\/linkbig.es\/wp-content\/uploads\/2024\/04\/mari.jpg\" alt=\"mari\" class=\"wp-image-1872\" style=\"aspect-ratio:4\/3;object-fit:cover\" srcset=\"https:\/\/linkbig.es\/wp-content\/uploads\/2024\/04\/mari.jpg 618w, https:\/\/linkbig.es\/wp-content\/uploads\/2024\/04\/mari-304x450.jpg 304w, https:\/\/linkbig.es\/wp-content\/uploads\/2024\/04\/mari-50x74.jpg 50w, https:\/\/linkbig.es\/wp-content\/uploads\/2024\/04\/mari-68x100.jpg 68w, https:\/\/linkbig.es\/wp-content\/uploads\/2024\/04\/mari-135x200.jpg 135w, https:\/\/linkbig.es\/wp-content\/uploads\/2024\/04\/mari-203x300.jpg 203w\" sizes=\"auto, (max-width: 618px) 100vw, 618px\" \/><\/figure>\n<\/div>\n<\/div>\n<\/section>\n\n\n\n<section class=\"wp-block-group alignfull team__section-quote is-style-section is-layout-constrained wp-block-group-is-layout-constrained\">\n<div class=\"wp-block-group alignwide is-layout-constrained wp-block-group-is-layout-constrained\">\n<blockquote class=\"wp-block-quote is-style-team-quote is-layout-flow wp-block-quote-is-layout-flow\">\n<h3 class=\"wp-block-heading\">Maribel Basc\u00f3n vol compartir alguna cosa amb tu<\/h3>\n\n\n\n<p>A l\u2019educaci\u00f3 que rebem socialment, no es potencia el fet de valorar els nostres punts forts, sin\u00f3 que sovint se\u2019ns recalquen aquells aspectes que hem de millorar. Aquest h\u00e0bit es va interioritzant i, quan volem progressar en alguna \u00e0rea, ens costa veure les nostres parts positives. Com a coach teleol\u00f2gica, aplicant l\u2019escolta de les 4C\u2019s (Cap, Cos, Cor i Consci\u00e8ncia), convido els meus clients a fer reflexions a trav\u00e9s de preguntes que els permetin prendre consci\u00e8ncia, potenciar les seves qualitats i abra\u00e7ar les seves parts m\u00e9s vulnerables, ja que tamb\u00e9 formen part del seu \u00e9sser. Aix\u00ed, poden passar a l\u2019acci\u00f3 i assolir els seus prop\u00f2sits vitals.<\/p>\n<\/blockquote>\n<\/div>\n<\/section>\n","protected":false},"featured_media":3638,"template":"","class_list":["post-809","team","type-team","status-publish","has-post-thumbnail","hentry"],"_links":{"self":[{"href":"https:\/\/linkbig.es\/ca\/wp-json\/wp\/v2\/team\/809","targetHints":{"allow":["GET"]}}],"collection":[{"href":"https:\/\/linkbig.es\/ca\/wp-json\/wp\/v2\/team"}],"about":[{"href":"https:\/\/linkbig.es\/ca\/wp-json\/wp\/v2\/types\/team"}],"wp:featuredmedia":[{"embeddable":true,"href":"https:\/\/linkbig.es\/ca\/wp-json\/wp\/v2\/media\/3638"}],"wp:attachment":[{"href":"https:\/\/linkbig.es\/ca\/wp-json\/wp\/v2\/media?parent=809"}],"curies":[{"name":"wp","href":"https:\/\/api.w.org\/{rel}","templated":true}]}}

Maribel Bascón

<section class="wp-block-group alignfull team__section-header is-style-section is-layout-constrained wp-block-group-is-layout-constrained">
<div class="wp-block-columns alignwide is-layout-flex wp-container-core-columns-is-layout-1 wp-block-columns-is-layout-flex">
<div class="wp-block-column team__portrait-column is-layout-flow wp-block-column-is-layout-flow" style="flex-basis:33.33%"><figure class="team__portrait wp-block-post-featured-image"><img loading="lazy" decoding="async" width="1200" height="1600" src="https://linkbig.es/wp-content/uploads/2023/09/foto-maribel.jpg" class="attachment-post-thumbnail size-post-thumbnail wp-post-image" alt="" style="object-fit:cover;" srcset="https://linkbig.es/wp-content/uploads/2023/09/foto-maribel.jpg 1200w, https://linkbig.es/wp-content/uploads/2023/09/foto-maribel-338x450.jpg 338w, https://linkbig.es/wp-content/uploads/2023/09/foto-maribel-768x1024.jpg 768w, https://linkbig.es/wp-content/uploads/2023/09/foto-maribel-50x67.jpg 50w, https://linkbig.es/wp-content/uploads/2023/09/foto-maribel-1152x1536.jpg 1152w, https://linkbig.es/wp-content/uploads/2023/09/foto-maribel-75x100.jpg 75w, https://linkbig.es/wp-content/uploads/2023/09/foto-maribel-150x200.jpg 150w, https://linkbig.es/wp-content/uploads/2023/09/foto-maribel-225x300.jpg 225w" sizes="auto, (max-width: 1200px) 100vw, 1200px" /></figure>

<div class="linkedin-team-button">
	<p class="linkedin-team-button__label">Segueix-me a:</p>
			<a href="https://www.linkedin.com/in/maribel-basc%C3%B3n-barrera/" target="_blank"  class="linkedin-team-button__link">
			<i class="icon-linkedin"></i>
			<span class="screen-reader-text">Linkedin</span>
		</a>
	</div>
</div>



<div class="wp-block-column team__bio-column is-layout-flow wp-block-column-is-layout-flow" style="flex-basis:66.66%"><h1 class="wp-block-post-title">Maribel Bascón</h1>


<p class="team__featured-text has-medium-font-size"><strong>Col·laboradora a LINKBIG, S.L.</strong></p>



<p>Maribel està certificada en Coaching Teleològic, lideratge i desenvolupament personal. És una persona apassionada per arribar a l’essència de cada ésser humà, acompanyant-lo en el seu autodescobriment i retrobament. A través del coaching, el teatre, la música i la dansa, la gamificació i els cavalls, acompanya les persones perquè assoleixin tot el seu potencial i aconsegueixin el millor lideratge possible en les seves vides, tant a nivell personal com professional.</p>
</div>
</div>
</section>



<section class="wp-block-group alignfull team__section-description is-style-section has-primary-background-color has-background is-layout-constrained wp-block-group-is-layout-constrained">
<div class="wp-block-group alignwide is-layout-constrained wp-block-group-is-layout-constrained">
<h2 class="wp-block-heading alignfull has-secondary-color has-text-color"><strong>Com és Maribel Bascón?</strong></h2>
</div>



<div class="wp-block-columns alignwide are-vertically-aligned-center is-layout-flex wp-container-core-columns-is-layout-2 wp-block-columns-is-layout-flex">
<div class="wp-block-column is-vertically-aligned-center is-layout-flow wp-block-column-is-layout-flow" style="flex-basis:60%">
<div class="wp-block-group is-layout-constrained wp-block-group-is-layout-constrained">
<p class="has-secondary-color has-text-color has-medium-font-size"><strong>Valenta</strong></p>



<p class="has-white-color has-text-color">S’ha reinventat diverses vegades, sap el que costa fer canvis, els ha viscut en primera persona i sent que és molt més fàcil si algú t’acompanya en moments tan crucials.</p>
</div>



<div class="wp-block-group is-layout-constrained wp-block-group-is-layout-constrained">
<p class="has-secondary-color has-text-color has-medium-font-size"><strong>Perseverant</strong></p>



<p class="has-white-color has-text-color">La seva visió és aconseguir un món més conscient, on les persones tinguin un coneixement més profund d&#8217;elles mateixes i es puguin allunyar del seu ego, ja que aquest les separa de la seva essència com a éssers humans. La constància en tot allò que es proposa i la seva dedicació a les persones són el seu principal propòsit.</p>
</div>



<div class="wp-block-group is-layout-constrained wp-block-group-is-layout-constrained">
<p class="has-secondary-color has-text-color has-medium-font-size"><strong>Sensible</strong></p>



<p class="has-white-color has-text-color">Maribel és una Persona Altament Sensible (PAS). Té una gran escolta activa, que, juntament amb la seva capacitat d’observació i el seu coneixement en l’àmbit corporal, li permet connectar amb l’interior de les persones i acompanyar-les fins a assolir els seus objectius. La seva gran sensibilitat li permet generar vincles de confiança, on el client se sent segur i sostingut.</p>
</div>
</div>



<div class="wp-block-column is-vertically-aligned-center is-layout-flow wp-block-column-is-layout-flow" style="flex-basis:40%">
<figure class="wp-block-image size-full is-style-rounded-corners"><img loading="lazy" decoding="async" width="618" height="914" src="https://linkbig.es/wp-content/uploads/2024/04/mari.jpg" alt="mari" class="wp-image-1872" style="aspect-ratio:4/3;object-fit:cover" srcset="https://linkbig.es/wp-content/uploads/2024/04/mari.jpg 618w, https://linkbig.es/wp-content/uploads/2024/04/mari-304x450.jpg 304w, https://linkbig.es/wp-content/uploads/2024/04/mari-50x74.jpg 50w, https://linkbig.es/wp-content/uploads/2024/04/mari-68x100.jpg 68w, https://linkbig.es/wp-content/uploads/2024/04/mari-135x200.jpg 135w, https://linkbig.es/wp-content/uploads/2024/04/mari-203x300.jpg 203w" sizes="auto, (max-width: 618px) 100vw, 618px" /></figure>
</div>
</div>
</section>



<section class="wp-block-group alignfull team__section-quote is-style-section is-layout-constrained wp-block-group-is-layout-constrained">
<div class="wp-block-group alignwide is-layout-constrained wp-block-group-is-layout-constrained">
<blockquote class="wp-block-quote is-style-team-quote is-layout-flow wp-block-quote-is-layout-flow">
<h3 class="wp-block-heading">Maribel Bascón vol compartir alguna cosa amb tu</h3>



<p>A l’educació que rebem socialment, no es potencia el fet de valorar els nostres punts forts, sinó que sovint se’ns recalquen aquells aspectes que hem de millorar. Aquest hàbit es va interioritzant i, quan volem progressar en alguna àrea, ens costa veure les nostres parts positives. Com a coach teleològica, aplicant l’escolta de les 4C’s (Cap, Cos, Cor i Consciència), convido els meus clients a fer reflexions a través de preguntes que els permetin prendre consciència, potenciar les seves qualitats i abraçar les seves parts més vulnerables, ja que també formen part del seu ésser. Així, poden passar a l’acció i assolir els seus propòsits vitals.</p>
</blockquote>
</div>
</section>
