{"id":805,"date":"2023-09-25T07:03:24","date_gmt":"2023-09-25T05:03:24","guid":{"rendered":"https:\/\/linkbig.es\/linkbig-team\/eduard-barri-montes\/"},"modified":"2025-02-06T11:28:37","modified_gmt":"2025-02-06T10:28:37","slug":"eduard-barri-montes","status":"publish","type":"team","link":"https:\/\/linkbig.es\/ca\/linkbig-equip\/eduard-barri-montes\/","title":{"rendered":"Eduard Barri Montes"},"content":{"rendered":"\n<section class=\"wp-block-group alignfull team__section-header is-style-section is-layout-constrained wp-block-group-is-layout-constrained\">\n<div class=\"wp-block-columns alignwide are-vertically-aligned-center is-layout-flex wp-container-core-columns-is-layout-1 wp-block-columns-is-layout-flex\">\n<div class=\"wp-block-column team__portrait-column is-layout-flow wp-block-column-is-layout-flow\" style=\"flex-basis:33.33%\"><figure style=\"aspect-ratio:1;\" class=\"team__portrait wp-block-post-featured-image\"><img loading=\"lazy\" decoding=\"async\" width=\"2000\" height=\"3000\" src=\"https:\/\/linkbig.es\/wp-content\/uploads\/2023\/09\/linkbig-002.jpg\" class=\"attachment-post-thumbnail size-post-thumbnail wp-post-image\" alt=\"\" style=\"width:100%;height:100%;object-fit:cover;\" srcset=\"https:\/\/linkbig.es\/wp-content\/uploads\/2023\/09\/linkbig-002.jpg 2000w, https:\/\/linkbig.es\/wp-content\/uploads\/2023\/09\/linkbig-002-300x450.jpg 300w, https:\/\/linkbig.es\/wp-content\/uploads\/2023\/09\/linkbig-002-683x1024.jpg 683w, https:\/\/linkbig.es\/wp-content\/uploads\/2023\/09\/linkbig-002-768x1152.jpg 768w, https:\/\/linkbig.es\/wp-content\/uploads\/2023\/09\/linkbig-002-50x75.jpg 50w, https:\/\/linkbig.es\/wp-content\/uploads\/2023\/09\/linkbig-002-1600x2400.jpg 1600w, https:\/\/linkbig.es\/wp-content\/uploads\/2023\/09\/linkbig-002-1024x1536.jpg 1024w, https:\/\/linkbig.es\/wp-content\/uploads\/2023\/09\/linkbig-002-1365x2048.jpg 1365w, https:\/\/linkbig.es\/wp-content\/uploads\/2023\/09\/linkbig-002-67x100.jpg 67w, https:\/\/linkbig.es\/wp-content\/uploads\/2023\/09\/linkbig-002-133x200.jpg 133w, https:\/\/linkbig.es\/wp-content\/uploads\/2023\/09\/linkbig-002-200x300.jpg 200w\" sizes=\"auto, (max-width: 2000px) 100vw, 2000px\" \/><\/figure>\n\n<div class=\"linkedin-team-button\">\n\t<p class=\"linkedin-team-button__label\">Segueix-me a:<\/p>\n\t\t\t<a href=\"https:\/\/www.linkedin.com\/in\/eduard-barri-montes-psicocoach-077b5289\/\" target=\"_blank\"  class=\"linkedin-team-button__link\">\n\t\t\t<i class=\"icon-linkedin\"><\/i>\n\t\t\t<span class=\"screen-reader-text\">Linkedin<\/span>\n\t\t<\/a>\n\t<\/div>\n<\/div>\n\n\n\n<div class=\"wp-block-column team__bio-column is-layout-flow wp-block-column-is-layout-flow\" style=\"flex-basis:66.66%\"><h1 class=\"wp-block-post-title\">Eduard Barri Montes<\/h1>\n\n\n<p class=\"team__featured-text has-large-font-size\" style=\"line-height:1.4\"><strong><strong>Fundador de Linkbig\u00ae, Soul Working\u00ae<\/strong><br><strong>Soci a Linkbig, S.L.<\/strong><\/strong><\/p>\n\n\n\n<p>Consultor de Persones: Coach, facilitador, psicoterapeuta, instructor, formador, educador emocional, cognitiu, conductual i creatiu, i una mica m\u00e9s: Psico-Socio-Economista.<\/p>\n\n\n\n<p>Autoreferencial i desafiador. Tres paraules que em defineixen: Amor, Humor i Gaudi.<\/p>\n\n\n\n<div class=\"wp-block-group team__logos-coaching is-layout-flex wp-block-group-is-layout-flex\"><\/div>\n<\/div>\n<\/div>\n<\/section>\n\n\n\n<section class=\"wp-block-group alignfull team__section-description is-style-section has-primary-background-color has-background is-layout-constrained wp-block-group-is-layout-constrained\">\n<div class=\"wp-block-group alignwide is-layout-constrained wp-block-group-is-layout-constrained\">\n<h2 class=\"wp-block-heading alignfull has-secondary-color has-text-color\"><strong>Com \u00e9s l\u2019Eduard Barri?<\/strong><\/h2>\n<\/div>\n\n\n\n<div class=\"wp-block-columns alignwide are-vertically-aligned-center is-layout-flex wp-container-core-columns-is-layout-2 wp-block-columns-is-layout-flex\">\n<div class=\"wp-block-column is-vertically-aligned-center is-layout-flow wp-block-column-is-layout-flow\" style=\"flex-basis:60%\">\n<div class=\"wp-block-group is-layout-constrained wp-block-group-is-layout-constrained\">\n<p class=\"has-secondary-color has-text-color has-medium-font-size\"><strong>La meva ess\u00e8ncia<\/strong><\/p>\n\n\n\n<p class=\"has-white-color has-text-color\"><strong>Sento una curiositat innata observant i investigant l\u2019\u00e9sser hum\u00e0 en totes les seves facetes de manera individual, sist\u00e8mica i hol\u00edstica<\/strong>: Actuant, Abra\u00e7ant, Acceptant, Estimant, Aprenent, Caminant, Creant, Creient, Decidint, Dirigint, Gaudint, Dormint, Escoltant, Estant, Estudiant, Esperant, Fent, Imaginant, Jutjant, Meditant, Mentint, Morint, Naixent, Observant, Pensant, Respirant, Respectant, Sentint, Somiant, Patint, Treballant, Veient, Viatjant, Volant i una mica m\u00e9s\u2026 I \u00e9s per aix\u00f2 que mai m\u2019he rendit davant d\u2019un repte; la insist\u00e8ncia, persist\u00e8ncia i resist\u00e8ncia s\u00f3n una de les meves grans fortaleses.<\/p>\n\n\n\n<p class=\"has-secondary-color has-text-color has-medium-font-size\"><strong>Un repte: fes-te una de les meves preguntes preferides<\/strong>: Quan va ser l\u2019\u00faltima vegada que vas fer alguna cosa per primera vegada?<\/p>\n\n\n\n<p class=\"has-white-color has-text-color\">Permet-te un minut de reflexi\u00f3, en silenci, amb tota l\u2019atenci\u00f3 i concentraci\u00f3 que la teva consci\u00e8ncia et permeti en aquest moment. A veure si ho aconsegueixes!\u2026<\/p>\n\n\n\n<p class=\"has-white-color has-text-color\">Aquest espai de silenci et porta al potencial m\u00e9s complet que tenim els humans: la capacitat d\u2019observaci\u00f3, atenci\u00f3 i concentraci\u00f3. All\u00e0 hi trobes la informaci\u00f3 i apareixen els coneixements necessaris per passar a l\u2019acci\u00f3. Sorgir\u00e0 com la papallona del capoll, i es revelar\u00e0 la teva Missi\u00f3, Visi\u00f3 i Valors: el teu gran Prop\u00f2sit de vida. I si aprens a viure en gerundi deixant enrere l\u2019infinitiu, estar\u00e0s permanentment connectat a aquesta nova consci\u00e8ncia del moment present, d\u2019on emergeix tota la informaci\u00f3 que necessites de manera natural. No \u00e9s m\u00e0gia, tot i que ho sembla, s\u00ed, per\u00f2 \u00e9s Neuroci\u00e8ncia.<\/p>\n\n\n\n<p class=\"has-white-color has-text-color\">Vols descobrir-ho? T\u2019hi acompanyem? Aix\u00ed va n\u00e9ixer Linkbig\u00ae Soul Working\u00ae, Consultoria i Escola de Persones, dins i fora de les Organitzacions, ara fa ja 10 anys.<\/p>\n<\/div>\n\n\n\n<div class=\"wp-block-group is-layout-constrained wp-block-group-is-layout-constrained\">\n<p class=\"has-secondary-color has-text-color has-medium-font-size\"><strong>M\u00e9s aportacions com a consultor de persones<\/strong><\/p>\n\n\n\n<p class=\"has-white-color has-text-color\">Coach Professional Certificat (CPC), Coach Sist\u00e8mic amb Cavalls, Facilitador Certificat Lego\u00ae Serious Play\u00ae, Facilitador Points of You\u00ae, Facilitador Six Thinking Hats\u00ae, Facilitador Kaos vs Control\u00ae, Instructor de Mindfulness Practicum, Certificat en Creativitat amb Gamificaci\u00f3, M\u00e0ster Expert Internacional en Coaching (de vida, d\u2019equips, directiu, executiu i organitzatiu), psico-socio-economista, psicoterapeuta en An\u00e0lisi Transaccional, Brainspotting, Codepend\u00e8ncia i Estr\u00e8s Posttraum\u00e0tic. M\u00e0ster en Direcci\u00f3 Banc\u00e0ria i Finances, M\u00e0ster en Comer\u00e7 Internacional. 25 anys de direcci\u00f3 en el sector bancari, a l\u2019\u00e0rea de negoci.<\/p>\n<\/div>\n<\/div>\n\n\n\n<div class=\"wp-block-column is-vertically-aligned-center is-layout-flow wp-block-column-is-layout-flow\" style=\"flex-basis:40%\">\n<figure class=\"wp-block-image size-large is-style-rounded-corners\"><img loading=\"lazy\" decoding=\"async\" width=\"1024\" height=\"768\" src=\"https:\/\/linkbig.es\/wp-content\/uploads\/2024\/03\/img-8261-1-1024x768.jpeg\" alt=\"img 8261 (1)\" class=\"wp-image-1277\" style=\"aspect-ratio:4\/3;object-fit:cover\" srcset=\"https:\/\/linkbig.es\/wp-content\/uploads\/2024\/03\/img-8261-1-1024x768.jpeg 1024w, https:\/\/linkbig.es\/wp-content\/uploads\/2024\/03\/img-8261-1-450x338.jpeg 450w, https:\/\/linkbig.es\/wp-content\/uploads\/2024\/03\/img-8261-1-768x576.jpeg 768w, https:\/\/linkbig.es\/wp-content\/uploads\/2024\/03\/img-8261-1-50x38.jpeg 50w, https:\/\/linkbig.es\/wp-content\/uploads\/2024\/03\/img-8261-1-1600x1200.jpeg 1600w, https:\/\/linkbig.es\/wp-content\/uploads\/2024\/03\/img-8261-1-1536x1152.jpeg 1536w, https:\/\/linkbig.es\/wp-content\/uploads\/2024\/03\/img-8261-1-133x100.jpeg 133w, https:\/\/linkbig.es\/wp-content\/uploads\/2024\/03\/img-8261-1-267x200.jpeg 267w, https:\/\/linkbig.es\/wp-content\/uploads\/2024\/03\/img-8261-1-400x300.jpeg 400w, https:\/\/linkbig.es\/wp-content\/uploads\/2024\/03\/img-8261-1.jpeg 2048w\" sizes=\"auto, (max-width: 1024px) 100vw, 1024px\" \/><\/figure>\n<\/div>\n<\/div>\n<\/section>\n\n\n\n<section class=\"wp-block-group alignfull team__section-quote is-style-section is-layout-constrained wp-block-group-is-layout-constrained\">\n<div class=\"wp-block-group alignwide is-layout-constrained wp-block-group-is-layout-constrained\">\n<blockquote class=\"wp-block-quote is-style-team-quote is-layout-flow wp-block-quote-is-layout-flow\">\n<h3 class=\"wp-block-heading\">Eduard Barri vol compartir alguna cosa amb tu<\/h3>\n\n\n\n<p>Hi ha un proverbi que diu: \u201cSi vols anar r\u00e0pid, ves sol. Si vols arribar lluny, ves acompanyat\u201d. I aix\u00ed ho he sentit sempre, i per aix\u00f2 avui no podria sentir-me millor acompanyat que per Marta Moreno i Maribel Basc\u00f3n. Adequar la velocitat en benefici de l\u2019habilitat \u00e9s un dels nostres principis i un dels grans reptes dels humans del segle XXI. Tot el que veur\u00e0s en aquesta web \u00e9s part de la nostra \u00e0nima, per\u00f2 sempre ens agrada dir: \u201cQuan ens visquis, comprendr\u00e0s l\u2019ess\u00e8ncia de linkbig\u00ae Soul Working\u00ae\u201d. T\u2019hi atreveixes?<\/p>\n<\/blockquote>\n<\/div>\n<\/section>\n","protected":false},"featured_media":3634,"template":"","class_list":["post-805","team","type-team","status-publish","has-post-thumbnail","hentry"],"_links":{"self":[{"href":"https:\/\/linkbig.es\/ca\/wp-json\/wp\/v2\/team\/805","targetHints":{"allow":["GET"]}}],"collection":[{"href":"https:\/\/linkbig.es\/ca\/wp-json\/wp\/v2\/team"}],"about":[{"href":"https:\/\/linkbig.es\/ca\/wp-json\/wp\/v2\/types\/team"}],"wp:featuredmedia":[{"embeddable":true,"href":"https:\/\/linkbig.es\/ca\/wp-json\/wp\/v2\/media\/3634"}],"wp:attachment":[{"href":"https:\/\/linkbig.es\/ca\/wp-json\/wp\/v2\/media?parent=805"}],"curies":[{"name":"wp","href":"https:\/\/api.w.org\/{rel}","templated":true}]}}

<section class="wp-block-group alignfull team__section-header is-style-section is-layout-constrained wp-block-group-is-layout-constrained">
<div class="wp-block-columns alignwide are-vertically-aligned-center is-layout-flex wp-container-core-columns-is-layout-1 wp-block-columns-is-layout-flex">
<div class="wp-block-column team__portrait-column is-layout-flow wp-block-column-is-layout-flow" style="flex-basis:33.33%"><figure style="aspect-ratio:1;" class="team__portrait wp-block-post-featured-image"><img loading="lazy" decoding="async" width="2000" height="3000" src="https://linkbig.es/wp-content/uploads/2023/09/linkbig-002.jpg" class="attachment-post-thumbnail size-post-thumbnail wp-post-image" alt="" style="width:100%;height:100%;object-fit:cover;" srcset="https://linkbig.es/wp-content/uploads/2023/09/linkbig-002.jpg 2000w, https://linkbig.es/wp-content/uploads/2023/09/linkbig-002-300x450.jpg 300w, https://linkbig.es/wp-content/uploads/2023/09/linkbig-002-683x1024.jpg 683w, https://linkbig.es/wp-content/uploads/2023/09/linkbig-002-768x1152.jpg 768w, https://linkbig.es/wp-content/uploads/2023/09/linkbig-002-50x75.jpg 50w, https://linkbig.es/wp-content/uploads/2023/09/linkbig-002-1600x2400.jpg 1600w, https://linkbig.es/wp-content/uploads/2023/09/linkbig-002-1024x1536.jpg 1024w, https://linkbig.es/wp-content/uploads/2023/09/linkbig-002-1365x2048.jpg 1365w, https://linkbig.es/wp-content/uploads/2023/09/linkbig-002-67x100.jpg 67w, https://linkbig.es/wp-content/uploads/2023/09/linkbig-002-133x200.jpg 133w, https://linkbig.es/wp-content/uploads/2023/09/linkbig-002-200x300.jpg 200w" sizes="auto, (max-width: 2000px) 100vw, 2000px" /></figure>

<div class="linkedin-team-button">
	<p class="linkedin-team-button__label">Segueix-me a:</p>
			<a href="https://www.linkedin.com/in/eduard-barri-montes-psicocoach-077b5289/" target="_blank"  class="linkedin-team-button__link">
			<i class="icon-linkedin"></i>
			<span class="screen-reader-text">Linkedin</span>
		</a>
	</div>
</div>



<div class="wp-block-column team__bio-column is-layout-flow wp-block-column-is-layout-flow" style="flex-basis:66.66%"><h1 class="wp-block-post-title">Eduard Barri Montes</h1>


<p class="team__featured-text has-large-font-size" style="line-height:1.4"><strong><strong>Fundador de Linkbig®, Soul Working®</strong><br><strong>Soci a Linkbig, S.L.</strong></strong></p>



<p>Consultor de Persones: Coach, facilitador, psicoterapeuta, instructor, formador, educador emocional, cognitiu, conductual i creatiu, i una mica més: Psico-Socio-Economista.</p>



<p>Autoreferencial i desafiador. Tres paraules que em defineixen: Amor, Humor i Gaudi.</p>



<div class="wp-block-group team__logos-coaching is-layout-flex wp-block-group-is-layout-flex"></div>
</div>
</div>
</section>



<section class="wp-block-group alignfull team__section-description is-style-section has-primary-background-color has-background is-layout-constrained wp-block-group-is-layout-constrained">
<div class="wp-block-group alignwide is-layout-constrained wp-block-group-is-layout-constrained">
<h2 class="wp-block-heading alignfull has-secondary-color has-text-color"><strong>Com és l’Eduard Barri?</strong></h2>
</div>



<div class="wp-block-columns alignwide are-vertically-aligned-center is-layout-flex wp-container-core-columns-is-layout-2 wp-block-columns-is-layout-flex">
<div class="wp-block-column is-vertically-aligned-center is-layout-flow wp-block-column-is-layout-flow" style="flex-basis:60%">
<div class="wp-block-group is-layout-constrained wp-block-group-is-layout-constrained">
<p class="has-secondary-color has-text-color has-medium-font-size"><strong>La meva essència</strong></p>



<p class="has-white-color has-text-color"><strong>Sento una curiositat innata observant i investigant l’ésser humà en totes les seves facetes de manera individual, sistèmica i holística</strong>: Actuant, Abraçant, Acceptant, Estimant, Aprenent, Caminant, Creant, Creient, Decidint, Dirigint, Gaudint, Dormint, Escoltant, Estant, Estudiant, Esperant, Fent, Imaginant, Jutjant, Meditant, Mentint, Morint, Naixent, Observant, Pensant, Respirant, Respectant, Sentint, Somiant, Patint, Treballant, Veient, Viatjant, Volant i una mica més… I és per això que mai m’he rendit davant d’un repte; la insistència, persistència i resistència són una de les meves grans fortaleses.</p>



<p class="has-secondary-color has-text-color has-medium-font-size"><strong>Un repte: fes-te una de les meves preguntes preferides</strong>: Quan va ser l’última vegada que vas fer alguna cosa per primera vegada?</p>



<p class="has-white-color has-text-color">Permet-te un minut de reflexió, en silenci, amb tota l’atenció i concentració que la teva consciència et permeti en aquest moment. A veure si ho aconsegueixes!…</p>



<p class="has-white-color has-text-color">Aquest espai de silenci et porta al potencial més complet que tenim els humans: la capacitat d’observació, atenció i concentració. Allà hi trobes la informació i apareixen els coneixements necessaris per passar a l’acció. Sorgirà com la papallona del capoll, i es revelarà la teva Missió, Visió i Valors: el teu gran Propòsit de vida. I si aprens a viure en gerundi deixant enrere l’infinitiu, estaràs permanentment connectat a aquesta nova consciència del moment present, d’on emergeix tota la informació que necessites de manera natural. No és màgia, tot i que ho sembla, sí, però és Neurociència.</p>



<p class="has-white-color has-text-color">Vols descobrir-ho? T’hi acompanyem? Així va néixer Linkbig® Soul Working®, Consultoria i Escola de Persones, dins i fora de les Organitzacions, ara fa ja 10 anys.</p>
</div>



<div class="wp-block-group is-layout-constrained wp-block-group-is-layout-constrained">
<p class="has-secondary-color has-text-color has-medium-font-size"><strong>Més aportacions com a consultor de persones</strong></p>



<p class="has-white-color has-text-color">Coach Professional Certificat (CPC), Coach Sistèmic amb Cavalls, Facilitador Certificat Lego® Serious Play®, Facilitador Points of You®, Facilitador Six Thinking Hats®, Facilitador Kaos vs Control®, Instructor de Mindfulness Practicum, Certificat en Creativitat amb Gamificació, Màster Expert Internacional en Coaching (de vida, d’equips, directiu, executiu i organitzatiu), psico-socio-economista, psicoterapeuta en Anàlisi Transaccional, Brainspotting, Codependència i Estrès Posttraumàtic. Màster en Direcció Bancària i Finances, Màster en Comerç Internacional. 25 anys de direcció en el sector bancari, a l’àrea de negoci.</p>
</div>
</div>



<div class="wp-block-column is-vertically-aligned-center is-layout-flow wp-block-column-is-layout-flow" style="flex-basis:40%">
<figure class="wp-block-image size-large is-style-rounded-corners"><img loading="lazy" decoding="async" width="1024" height="768" src="https://linkbig.es/wp-content/uploads/2024/03/img-8261-1-1024x768.jpeg" alt="img 8261 (1)" class="wp-image-1277" style="aspect-ratio:4/3;object-fit:cover" srcset="https://linkbig.es/wp-content/uploads/2024/03/img-8261-1-1024x768.jpeg 1024w, https://linkbig.es/wp-content/uploads/2024/03/img-8261-1-450x338.jpeg 450w, https://linkbig.es/wp-content/uploads/2024/03/img-8261-1-768x576.jpeg 768w, https://linkbig.es/wp-content/uploads/2024/03/img-8261-1-50x38.jpeg 50w, https://linkbig.es/wp-content/uploads/2024/03/img-8261-1-1600x1200.jpeg 1600w, https://linkbig.es/wp-content/uploads/2024/03/img-8261-1-1536x1152.jpeg 1536w, https://linkbig.es/wp-content/uploads/2024/03/img-8261-1-133x100.jpeg 133w, https://linkbig.es/wp-content/uploads/2024/03/img-8261-1-267x200.jpeg 267w, https://linkbig.es/wp-content/uploads/2024/03/img-8261-1-400x300.jpeg 400w, https://linkbig.es/wp-content/uploads/2024/03/img-8261-1.jpeg 2048w" sizes="auto, (max-width: 1024px) 100vw, 1024px" /></figure>
</div>
</div>
</section>



<section class="wp-block-group alignfull team__section-quote is-style-section is-layout-constrained wp-block-group-is-layout-constrained">
<div class="wp-block-group alignwide is-layout-constrained wp-block-group-is-layout-constrained">
<blockquote class="wp-block-quote is-style-team-quote is-layout-flow wp-block-quote-is-layout-flow">
<h3 class="wp-block-heading">Eduard Barri vol compartir alguna cosa amb tu</h3>



<p>Hi ha un proverbi que diu: “Si vols anar ràpid, ves sol. Si vols arribar lluny, ves acompanyat”. I així ho he sentit sempre, i per això avui no podria sentir-me millor acompanyat que per Marta Moreno i Maribel Bascón. Adequar la velocitat en benefici de l’habilitat és un dels nostres principis i un dels grans reptes dels humans del segle XXI. Tot el que veuràs en aquesta web és part de la nostra ànima, però sempre ens agrada dir: “Quan ens visquis, comprendràs l’essència de linkbig® Soul Working®”. T’hi atreveixes?</p>
</blockquote>
</div>
</section>
