{"id":525,"date":"2023-09-16T09:44:45","date_gmt":"2023-09-16T07:44:45","guid":{"rendered":"https:\/\/linkbig.es\/linkbig-team\/marta-moreno\/"},"modified":"2025-02-06T11:38:31","modified_gmt":"2025-02-06T10:38:31","slug":"marta-moreno","status":"publish","type":"team","link":"https:\/\/linkbig.es\/ca\/linkbig-equip\/marta-moreno\/","title":{"rendered":"Marta Moreno"},"content":{"rendered":"\n<section class=\"wp-block-group alignfull team__section-header is-style-section is-layout-constrained wp-block-group-is-layout-constrained\">\n<div class=\"wp-block-columns alignwide are-vertically-aligned-center is-layout-flex wp-container-core-columns-is-layout-1 wp-block-columns-is-layout-flex\">\n<div class=\"wp-block-column team__portrait-column is-layout-flow wp-block-column-is-layout-flow\" style=\"flex-basis:33.33%\"><figure style=\"aspect-ratio:1;\" class=\"team__portrait wp-block-post-featured-image\"><img loading=\"lazy\" decoding=\"async\" width=\"3000\" height=\"2400\" src=\"https:\/\/linkbig.es\/wp-content\/uploads\/2023\/09\/linkbig-051h.jpg\" class=\"attachment-post-thumbnail size-post-thumbnail wp-post-image\" alt=\"\" style=\"width:100%;height:100%;object-fit:cover;\" srcset=\"https:\/\/linkbig.es\/wp-content\/uploads\/2023\/09\/linkbig-051h.jpg 3000w, https:\/\/linkbig.es\/wp-content\/uploads\/2023\/09\/linkbig-051h-450x360.jpg 450w, https:\/\/linkbig.es\/wp-content\/uploads\/2023\/09\/linkbig-051h-1024x819.jpg 1024w, https:\/\/linkbig.es\/wp-content\/uploads\/2023\/09\/linkbig-051h-768x614.jpg 768w, https:\/\/linkbig.es\/wp-content\/uploads\/2023\/09\/linkbig-051h-50x40.jpg 50w, https:\/\/linkbig.es\/wp-content\/uploads\/2023\/09\/linkbig-051h-1600x1280.jpg 1600w, https:\/\/linkbig.es\/wp-content\/uploads\/2023\/09\/linkbig-051h-1536x1229.jpg 1536w, https:\/\/linkbig.es\/wp-content\/uploads\/2023\/09\/linkbig-051h-2048x1638.jpg 2048w, https:\/\/linkbig.es\/wp-content\/uploads\/2023\/09\/linkbig-051h-125x100.jpg 125w, https:\/\/linkbig.es\/wp-content\/uploads\/2023\/09\/linkbig-051h-250x200.jpg 250w, https:\/\/linkbig.es\/wp-content\/uploads\/2023\/09\/linkbig-051h-375x300.jpg 375w\" sizes=\"auto, (max-width: 3000px) 100vw, 3000px\" \/><\/figure>\n\n<div class=\"linkedin-team-button\">\n\t<p class=\"linkedin-team-button__label\">Segueix-me a:<\/p>\n\t\t\t<a href=\"https:\/\/www.linkedin.com\/in\/martamorenoreche\/\" target=\"_blank\"  class=\"linkedin-team-button__link\">\n\t\t\t<i class=\"icon-linkedin\"><\/i>\n\t\t\t<span class=\"screen-reader-text\">Linkedin<\/span>\n\t\t<\/a>\n\t<\/div>\n<\/div>\n\n\n\n<div class=\"wp-block-column team__bio-column is-layout-flow wp-block-column-is-layout-flow\" style=\"flex-basis:66.66%\"><h1 class=\"wp-block-post-title\">Marta Moreno<\/h1>\n\n\n<p class=\"team__featured-text has-large-font-size\" style=\"line-height:1.4\"><strong>S\u00f2cia a Linkbig\u00ae, Executive &amp; Life Coach | Consultora de Talent i Transformaci\u00f3 | Facilitadora Sist\u00e8mica | Economista<\/strong><\/p>\n\n\n\n<p>S\u00f2cia a LINKBIG, S.L., Marta \u00e9s Certified Professional Co-Active Coach (CPCC) i Consultora de Persones amb una \u00e0mplia experi\u00e8ncia en la direcci\u00f3 i execuci\u00f3 de projectes de consultoria de talent i desenvolupament de persones en grans multinacionals.<\/p>\n\n\n\n<p>Apassionada pel coaching, la gamificaci\u00f3 i les metodologies de desenvolupament creatives, pels cavalls i la facilitaci\u00f3 sist\u00e8mica, persegueix un prop\u00f2sit clar: generar consci\u00e8ncia en les persones i ajudar-les a desenvolupar el seu talent i potencial perqu\u00e8 esdevinguin l\u00edders conscients de la seva vida, dotant-les d\u2019eines i energia per impulsar una gesti\u00f3 m\u00e9s efectiva de les seves relacions i de les organitzacions d\u2019una manera sostenible.<\/p>\n\n\n\n<div class=\"wp-block-group team__logos-coaching is-layout-flex wp-block-group-is-layout-flex\">\n<figure class=\"wp-block-image size-logo\"><img loading=\"lazy\" decoding=\"async\" width=\"300\" height=\"171\" src=\"https:\/\/linkbig.es\/wp-content\/uploads\/2023\/09\/cpcc-logo-blacktext-1-300x171.png\" alt=\"\" class=\"wp-image-103\" srcset=\"https:\/\/linkbig.es\/wp-content\/uploads\/2023\/09\/cpcc-logo-blacktext-1-300x171.png 300w, https:\/\/linkbig.es\/wp-content\/uploads\/2023\/09\/cpcc-logo-blacktext-1-50x29.png 50w, https:\/\/linkbig.es\/wp-content\/uploads\/2023\/09\/cpcc-logo-blacktext-1-150x86.png 150w, https:\/\/linkbig.es\/wp-content\/uploads\/2023\/09\/cpcc-logo-blacktext-1-450x257.png 450w, https:\/\/linkbig.es\/wp-content\/uploads\/2023\/09\/cpcc-logo-blacktext-1-768x439.png 768w, https:\/\/linkbig.es\/wp-content\/uploads\/2023\/09\/cpcc-logo-blacktext-1-1024x585.png 1024w, https:\/\/linkbig.es\/wp-content\/uploads\/2023\/09\/cpcc-logo-blacktext-1-1600x914.png 1600w, https:\/\/linkbig.es\/wp-content\/uploads\/2023\/09\/cpcc-logo-blacktext-1-1536x877.png 1536w, https:\/\/linkbig.es\/wp-content\/uploads\/2023\/09\/cpcc-logo-blacktext-1.png 2000w\" sizes=\"auto, (max-width: 300px) 100vw, 300px\" \/><\/figure>\n\n\n\n<figure class=\"wp-block-image size-logo\"><img loading=\"lazy\" decoding=\"async\" width=\"199\" height=\"200\" src=\"https:\/\/linkbig.es\/wp-content\/uploads\/2023\/09\/linkedin-thumb-icf-member-199x200.png\" alt=\"\" class=\"wp-image-100\" srcset=\"https:\/\/linkbig.es\/wp-content\/uploads\/2023\/09\/linkedin-thumb-icf-member-199x200.png 199w, https:\/\/linkbig.es\/wp-content\/uploads\/2023\/09\/linkedin-thumb-icf-member-50x50.png 50w, https:\/\/linkbig.es\/wp-content\/uploads\/2023\/09\/linkedin-thumb-icf-member-99x100.png 99w, https:\/\/linkbig.es\/wp-content\/uploads\/2023\/09\/linkedin-thumb-icf-member-150x150.png 150w, https:\/\/linkbig.es\/wp-content\/uploads\/2023\/09\/linkedin-thumb-icf-member-298x300.png 298w, https:\/\/linkbig.es\/wp-content\/uploads\/2023\/09\/linkedin-thumb-icf-member.png 350w\" sizes=\"auto, (max-width: 199px) 100vw, 199px\" \/><\/figure>\n\n\n\n<figure class=\"wp-block-image size-logo\"><img loading=\"lazy\" decoding=\"async\" width=\"200\" height=\"200\" src=\"https:\/\/linkbig.es\/wp-content\/uploads\/2023\/09\/pcc-certified-logo-200x200.png\" alt=\"\" class=\"wp-image-113\" srcset=\"https:\/\/linkbig.es\/wp-content\/uploads\/2023\/09\/pcc-certified-logo-200x200.png 200w, https:\/\/linkbig.es\/wp-content\/uploads\/2023\/09\/pcc-certified-logo-50x50.png 50w, https:\/\/linkbig.es\/wp-content\/uploads\/2023\/09\/pcc-certified-logo-100x100.png 100w, https:\/\/linkbig.es\/wp-content\/uploads\/2023\/09\/pcc-certified-logo-150x150.png 150w, https:\/\/linkbig.es\/wp-content\/uploads\/2023\/09\/pcc-certified-logo-450x450.png 450w, https:\/\/linkbig.es\/wp-content\/uploads\/2023\/09\/pcc-certified-logo-300x300.png 300w, https:\/\/linkbig.es\/wp-content\/uploads\/2023\/09\/pcc-certified-logo.png 600w\" sizes=\"auto, (max-width: 200px) 100vw, 200px\" \/><\/figure>\n\n\n\n<figure class=\"wp-block-image size-logo\"><img loading=\"lazy\" decoding=\"async\" width=\"300\" height=\"75\" src=\"https:\/\/linkbig.es\/wp-content\/uploads\/2023\/09\/facilitacion-sistemica-300x75.png\" alt=\"\" class=\"wp-image-116\" srcset=\"https:\/\/linkbig.es\/wp-content\/uploads\/2023\/09\/facilitacion-sistemica-300x75.png 300w, https:\/\/linkbig.es\/wp-content\/uploads\/2023\/09\/facilitacion-sistemica-50x12.png 50w, https:\/\/linkbig.es\/wp-content\/uploads\/2023\/09\/facilitacion-sistemica-150x37.png 150w, https:\/\/linkbig.es\/wp-content\/uploads\/2023\/09\/facilitacion-sistemica.png 449w\" sizes=\"auto, (max-width: 300px) 100vw, 300px\" \/><\/figure>\n\n\n\n<figure class=\"wp-block-image size-logo\"><img loading=\"lazy\" decoding=\"async\" width=\"300\" height=\"85\" src=\"https:\/\/linkbig.es\/wp-content\/uploads\/2023\/09\/orsc-300x85.png\" alt=\"\" class=\"wp-image-122\" srcset=\"https:\/\/linkbig.es\/wp-content\/uploads\/2023\/09\/orsc-300x85.png 300w, https:\/\/linkbig.es\/wp-content\/uploads\/2023\/09\/orsc-50x14.png 50w, https:\/\/linkbig.es\/wp-content\/uploads\/2023\/09\/orsc-150x42.png 150w, https:\/\/linkbig.es\/wp-content\/uploads\/2023\/09\/orsc-450x127.png 450w, https:\/\/linkbig.es\/wp-content\/uploads\/2023\/09\/orsc.png 600w\" sizes=\"auto, (max-width: 300px) 100vw, 300px\" \/><\/figure>\n<\/div>\n<\/div>\n<\/div>\n<\/section>\n\n\n\n<section class=\"wp-block-group alignfull team__section-description is-style-section has-primary-background-color has-background is-layout-constrained wp-block-group-is-layout-constrained\">\n<div class=\"wp-block-group alignwide is-layout-constrained wp-block-group-is-layout-constrained\">\n<h2 class=\"wp-block-heading alignfull has-secondary-color has-text-color\"><strong>Com \u00e9s Marta Moreno?<\/strong><\/h2>\n<\/div>\n\n\n\n<div class=\"wp-block-columns alignwide are-vertically-aligned-center is-layout-flex wp-container-core-columns-is-layout-2 wp-block-columns-is-layout-flex\">\n<div class=\"wp-block-column is-vertically-aligned-center is-layout-flow wp-block-column-is-layout-flow\" style=\"flex-basis:60%\">\n<div class=\"wp-block-group is-layout-constrained wp-block-group-is-layout-constrained\">\n<p class=\"has-secondary-color has-text-color has-medium-font-size\"><strong>Valenta<\/strong><\/p>\n\n\n\n<p class=\"has-white-color has-text-color\">Marta creu que, sense la seva valentia, mai hauria pogut dur a terme una transformaci\u00f3 tan profunda, que l\u2019ha portat a convertir-se en la professional que \u00e9s avui. Ara el seu desig \u00e9s transmetre aquesta energia als seus clients perqu\u00e8 ells mateixos siguin capa\u00e7os d\u2019endinsar-se en les seves pr\u00f2pies respostes i es proposin all\u00f2 que realment els connecta amb la seva vida, vivint-la plenament des de la mirada del &#8220;tot \u00e9s possible&#8221;.<\/p>\n<\/div>\n\n\n\n<div class=\"wp-block-group is-layout-constrained wp-block-group-is-layout-constrained\">\n<p class=\"has-secondary-color has-text-color has-medium-font-size\"><strong>En\u00e8rgica<\/strong><\/p>\n\n\n\n<p class=\"has-white-color has-text-color\">Amb la seva energia inesgotable, aconsegueix fer realitat projectes i transformacions que, a priori, semblen inabastables. La disciplina i la const\u00e0ncia s\u00f3n dos valors clau que l\u2019ajuden a mantenir-se enfocada en el seu prop\u00f2sit i missi\u00f3.<\/p>\n<\/div>\n\n\n\n<div class=\"wp-block-group is-layout-constrained wp-block-group-is-layout-constrained\">\n<p class=\"has-secondary-color has-text-color has-medium-font-size\"><strong>Sensible<\/strong><\/p>\n\n\n\n<p class=\"has-white-color has-text-color\">Marta \u00e9s una Persona Altament Sensible (PAS) del tipus Empatien. T\u00e9 una intu\u00efci\u00f3 especial per captar all\u00f2 invisible i fer-ho emergir. Molt observadora i amb una gran capacitat anal\u00edtica, posseeix una gran habilitat d\u2019escolta, que li permet arribar a la profunditat necess\u00e0ria per acompanyar els seus clients en qualsevol intervenci\u00f3.<\/p>\n<\/div>\n<\/div>\n\n\n\n<div class=\"wp-block-column is-vertically-aligned-center is-layout-flow wp-block-column-is-layout-flow\" style=\"flex-basis:40%\">\n<figure class=\"wp-block-image size-large is-style-rounded-corners\"><img loading=\"lazy\" decoding=\"async\" width=\"768\" height=\"1024\" src=\"https:\/\/linkbig.es\/wp-content\/uploads\/2023\/09\/marta-caballos-768x1024.jpg\" alt=\"\" class=\"wp-image-107\" style=\"aspect-ratio:4\/3;object-fit:cover\" srcset=\"https:\/\/linkbig.es\/wp-content\/uploads\/2023\/09\/marta-caballos-768x1024.jpg 768w, https:\/\/linkbig.es\/wp-content\/uploads\/2023\/09\/marta-caballos-50x67.jpg 50w, https:\/\/linkbig.es\/wp-content\/uploads\/2023\/09\/marta-caballos-75x100.jpg 75w, https:\/\/linkbig.es\/wp-content\/uploads\/2023\/09\/marta-caballos-338x450.jpg 338w, https:\/\/linkbig.es\/wp-content\/uploads\/2023\/09\/marta-caballos-1600x2133.jpg 1600w, https:\/\/linkbig.es\/wp-content\/uploads\/2023\/09\/marta-caballos-1152x1536.jpg 1152w, https:\/\/linkbig.es\/wp-content\/uploads\/2023\/09\/marta-caballos-1536x2048.jpg 1536w, https:\/\/linkbig.es\/wp-content\/uploads\/2023\/09\/marta-caballos-150x200.jpg 150w, https:\/\/linkbig.es\/wp-content\/uploads\/2023\/09\/marta-caballos-225x300.jpg 225w\" sizes=\"auto, (max-width: 768px) 100vw, 768px\" \/><\/figure>\n<\/div>\n<\/div>\n<\/section>\n\n\n\n<section class=\"wp-block-group alignfull team__section-quote is-style-section is-layout-constrained wp-block-group-is-layout-constrained\">\n<div class=\"wp-block-group alignwide is-layout-constrained wp-block-group-is-layout-constrained\">\n<blockquote class=\"wp-block-quote is-style-team-quote is-layout-flow wp-block-quote-is-layout-flow\">\n<h3 class=\"wp-block-heading\">Marta Moreno vol compartir alguna cosa amb tu<\/h3>\n\n\n\n<p>Les persones som creatives, completes i plenes de recursos.<\/p>\n\n\n\n<p>Per aix\u00f2, sempre veig els meus clients com la magn\u00edfica persona que s\u00f3n, com l\u2019expressi\u00f3 plena del seu aut\u00e8ntic JO, sostenint la seva MILLOR VERSI\u00d3 i, alhora, incloent i abra\u00e7ant amb COMPASSI\u00d3 aquelles parts que no s\u00f3n expressi\u00f3 d\u2019aquesta millor versi\u00f3.<\/p>\n\n\n\n<p>D\u2019aquesta manera, el client crea conscientment la seva vida d\u2019acord amb els seus somnis, la seva visi\u00f3, el seu prop\u00f2sit, el seu cor i el seu desig, propis i \u00fanics. Com a Coach Co-Active, la meva missi\u00f3 \u00e9s retornar i recordar als meus coachees la seva pr\u00f2pia llum interior, ajudant-los a retrobar-la.<\/p>\n<\/blockquote>\n<\/div>\n<\/section>\n","protected":false},"featured_media":3627,"template":"","class_list":["post-525","team","type-team","status-publish","has-post-thumbnail","hentry"],"_links":{"self":[{"href":"https:\/\/linkbig.es\/ca\/wp-json\/wp\/v2\/team\/525","targetHints":{"allow":["GET"]}}],"collection":[{"href":"https:\/\/linkbig.es\/ca\/wp-json\/wp\/v2\/team"}],"about":[{"href":"https:\/\/linkbig.es\/ca\/wp-json\/wp\/v2\/types\/team"}],"wp:featuredmedia":[{"embeddable":true,"href":"https:\/\/linkbig.es\/ca\/wp-json\/wp\/v2\/media\/3627"}],"wp:attachment":[{"href":"https:\/\/linkbig.es\/ca\/wp-json\/wp\/v2\/media?parent=525"}],"curies":[{"name":"wp","href":"https:\/\/api.w.org\/{rel}","templated":true}]}}

<section class="wp-block-group alignfull team__section-header is-style-section is-layout-constrained wp-block-group-is-layout-constrained">
<div class="wp-block-columns alignwide are-vertically-aligned-center is-layout-flex wp-container-core-columns-is-layout-1 wp-block-columns-is-layout-flex">
<div class="wp-block-column team__portrait-column is-layout-flow wp-block-column-is-layout-flow" style="flex-basis:33.33%"><figure style="aspect-ratio:1;" class="team__portrait wp-block-post-featured-image"><img loading="lazy" decoding="async" width="3000" height="2400" src="https://linkbig.es/wp-content/uploads/2023/09/linkbig-051h.jpg" class="attachment-post-thumbnail size-post-thumbnail wp-post-image" alt="" style="width:100%;height:100%;object-fit:cover;" srcset="https://linkbig.es/wp-content/uploads/2023/09/linkbig-051h.jpg 3000w, https://linkbig.es/wp-content/uploads/2023/09/linkbig-051h-450x360.jpg 450w, https://linkbig.es/wp-content/uploads/2023/09/linkbig-051h-1024x819.jpg 1024w, https://linkbig.es/wp-content/uploads/2023/09/linkbig-051h-768x614.jpg 768w, https://linkbig.es/wp-content/uploads/2023/09/linkbig-051h-50x40.jpg 50w, https://linkbig.es/wp-content/uploads/2023/09/linkbig-051h-1600x1280.jpg 1600w, https://linkbig.es/wp-content/uploads/2023/09/linkbig-051h-1536x1229.jpg 1536w, https://linkbig.es/wp-content/uploads/2023/09/linkbig-051h-2048x1638.jpg 2048w, https://linkbig.es/wp-content/uploads/2023/09/linkbig-051h-125x100.jpg 125w, https://linkbig.es/wp-content/uploads/2023/09/linkbig-051h-250x200.jpg 250w, https://linkbig.es/wp-content/uploads/2023/09/linkbig-051h-375x300.jpg 375w" sizes="auto, (max-width: 3000px) 100vw, 3000px" /></figure>

<div class="linkedin-team-button">
	<p class="linkedin-team-button__label">Segueix-me a:</p>
			<a href="https://www.linkedin.com/in/martamorenoreche/" target="_blank"  class="linkedin-team-button__link">
			<i class="icon-linkedin"></i>
			<span class="screen-reader-text">Linkedin</span>
		</a>
	</div>
</div>



<div class="wp-block-column team__bio-column is-layout-flow wp-block-column-is-layout-flow" style="flex-basis:66.66%"><h1 class="wp-block-post-title">Marta Moreno</h1>


<p class="team__featured-text has-large-font-size" style="line-height:1.4"><strong>Sòcia a Linkbig®, Executive &amp; Life Coach | Consultora de Talent i Transformació | Facilitadora Sistèmica | Economista</strong></p>



<p>Sòcia a LINKBIG, S.L., Marta és Certified Professional Co-Active Coach (CPCC) i Consultora de Persones amb una àmplia experiència en la direcció i execució de projectes de consultoria de talent i desenvolupament de persones en grans multinacionals.</p>



<p>Apassionada pel coaching, la gamificació i les metodologies de desenvolupament creatives, pels cavalls i la facilitació sistèmica, persegueix un propòsit clar: generar consciència en les persones i ajudar-les a desenvolupar el seu talent i potencial perquè esdevinguin líders conscients de la seva vida, dotant-les d’eines i energia per impulsar una gestió més efectiva de les seves relacions i de les organitzacions d’una manera sostenible.</p>



<div class="wp-block-group team__logos-coaching is-layout-flex wp-block-group-is-layout-flex">
<figure class="wp-block-image size-logo"><img loading="lazy" decoding="async" width="300" height="171" src="https://linkbig.es/wp-content/uploads/2023/09/cpcc-logo-blacktext-1-300x171.png" alt="" class="wp-image-103" srcset="https://linkbig.es/wp-content/uploads/2023/09/cpcc-logo-blacktext-1-300x171.png 300w, https://linkbig.es/wp-content/uploads/2023/09/cpcc-logo-blacktext-1-50x29.png 50w, https://linkbig.es/wp-content/uploads/2023/09/cpcc-logo-blacktext-1-150x86.png 150w, https://linkbig.es/wp-content/uploads/2023/09/cpcc-logo-blacktext-1-450x257.png 450w, https://linkbig.es/wp-content/uploads/2023/09/cpcc-logo-blacktext-1-768x439.png 768w, https://linkbig.es/wp-content/uploads/2023/09/cpcc-logo-blacktext-1-1024x585.png 1024w, https://linkbig.es/wp-content/uploads/2023/09/cpcc-logo-blacktext-1-1600x914.png 1600w, https://linkbig.es/wp-content/uploads/2023/09/cpcc-logo-blacktext-1-1536x877.png 1536w, https://linkbig.es/wp-content/uploads/2023/09/cpcc-logo-blacktext-1.png 2000w" sizes="auto, (max-width: 300px) 100vw, 300px" /></figure>



<figure class="wp-block-image size-logo"><img loading="lazy" decoding="async" width="199" height="200" src="https://linkbig.es/wp-content/uploads/2023/09/linkedin-thumb-icf-member-199x200.png" alt="" class="wp-image-100" srcset="https://linkbig.es/wp-content/uploads/2023/09/linkedin-thumb-icf-member-199x200.png 199w, https://linkbig.es/wp-content/uploads/2023/09/linkedin-thumb-icf-member-50x50.png 50w, https://linkbig.es/wp-content/uploads/2023/09/linkedin-thumb-icf-member-99x100.png 99w, https://linkbig.es/wp-content/uploads/2023/09/linkedin-thumb-icf-member-150x150.png 150w, https://linkbig.es/wp-content/uploads/2023/09/linkedin-thumb-icf-member-298x300.png 298w, https://linkbig.es/wp-content/uploads/2023/09/linkedin-thumb-icf-member.png 350w" sizes="auto, (max-width: 199px) 100vw, 199px" /></figure>



<figure class="wp-block-image size-logo"><img loading="lazy" decoding="async" width="200" height="200" src="https://linkbig.es/wp-content/uploads/2023/09/pcc-certified-logo-200x200.png" alt="" class="wp-image-113" srcset="https://linkbig.es/wp-content/uploads/2023/09/pcc-certified-logo-200x200.png 200w, https://linkbig.es/wp-content/uploads/2023/09/pcc-certified-logo-50x50.png 50w, https://linkbig.es/wp-content/uploads/2023/09/pcc-certified-logo-100x100.png 100w, https://linkbig.es/wp-content/uploads/2023/09/pcc-certified-logo-150x150.png 150w, https://linkbig.es/wp-content/uploads/2023/09/pcc-certified-logo-450x450.png 450w, https://linkbig.es/wp-content/uploads/2023/09/pcc-certified-logo-300x300.png 300w, https://linkbig.es/wp-content/uploads/2023/09/pcc-certified-logo.png 600w" sizes="auto, (max-width: 200px) 100vw, 200px" /></figure>



<figure class="wp-block-image size-logo"><img loading="lazy" decoding="async" width="300" height="75" src="https://linkbig.es/wp-content/uploads/2023/09/facilitacion-sistemica-300x75.png" alt="" class="wp-image-116" srcset="https://linkbig.es/wp-content/uploads/2023/09/facilitacion-sistemica-300x75.png 300w, https://linkbig.es/wp-content/uploads/2023/09/facilitacion-sistemica-50x12.png 50w, https://linkbig.es/wp-content/uploads/2023/09/facilitacion-sistemica-150x37.png 150w, https://linkbig.es/wp-content/uploads/2023/09/facilitacion-sistemica.png 449w" sizes="auto, (max-width: 300px) 100vw, 300px" /></figure>



<figure class="wp-block-image size-logo"><img loading="lazy" decoding="async" width="300" height="85" src="https://linkbig.es/wp-content/uploads/2023/09/orsc-300x85.png" alt="" class="wp-image-122" srcset="https://linkbig.es/wp-content/uploads/2023/09/orsc-300x85.png 300w, https://linkbig.es/wp-content/uploads/2023/09/orsc-50x14.png 50w, https://linkbig.es/wp-content/uploads/2023/09/orsc-150x42.png 150w, https://linkbig.es/wp-content/uploads/2023/09/orsc-450x127.png 450w, https://linkbig.es/wp-content/uploads/2023/09/orsc.png 600w" sizes="auto, (max-width: 300px) 100vw, 300px" /></figure>
</div>
</div>
</div>
</section>



<section class="wp-block-group alignfull team__section-description is-style-section has-primary-background-color has-background is-layout-constrained wp-block-group-is-layout-constrained">
<div class="wp-block-group alignwide is-layout-constrained wp-block-group-is-layout-constrained">
<h2 class="wp-block-heading alignfull has-secondary-color has-text-color"><strong>Com és Marta Moreno?</strong></h2>
</div>



<div class="wp-block-columns alignwide are-vertically-aligned-center is-layout-flex wp-container-core-columns-is-layout-2 wp-block-columns-is-layout-flex">
<div class="wp-block-column is-vertically-aligned-center is-layout-flow wp-block-column-is-layout-flow" style="flex-basis:60%">
<div class="wp-block-group is-layout-constrained wp-block-group-is-layout-constrained">
<p class="has-secondary-color has-text-color has-medium-font-size"><strong>Valenta</strong></p>



<p class="has-white-color has-text-color">Marta creu que, sense la seva valentia, mai hauria pogut dur a terme una transformació tan profunda, que l’ha portat a convertir-se en la professional que és avui. Ara el seu desig és transmetre aquesta energia als seus clients perquè ells mateixos siguin capaços d’endinsar-se en les seves pròpies respostes i es proposin allò que realment els connecta amb la seva vida, vivint-la plenament des de la mirada del &#8220;tot és possible&#8221;.</p>
</div>



<div class="wp-block-group is-layout-constrained wp-block-group-is-layout-constrained">
<p class="has-secondary-color has-text-color has-medium-font-size"><strong>Enèrgica</strong></p>



<p class="has-white-color has-text-color">Amb la seva energia inesgotable, aconsegueix fer realitat projectes i transformacions que, a priori, semblen inabastables. La disciplina i la constància són dos valors clau que l’ajuden a mantenir-se enfocada en el seu propòsit i missió.</p>
</div>



<div class="wp-block-group is-layout-constrained wp-block-group-is-layout-constrained">
<p class="has-secondary-color has-text-color has-medium-font-size"><strong>Sensible</strong></p>



<p class="has-white-color has-text-color">Marta és una Persona Altament Sensible (PAS) del tipus Empatien. Té una intuïció especial per captar allò invisible i fer-ho emergir. Molt observadora i amb una gran capacitat analítica, posseeix una gran habilitat d’escolta, que li permet arribar a la profunditat necessària per acompanyar els seus clients en qualsevol intervenció.</p>
</div>
</div>



<div class="wp-block-column is-vertically-aligned-center is-layout-flow wp-block-column-is-layout-flow" style="flex-basis:40%">
<figure class="wp-block-image size-large is-style-rounded-corners"><img loading="lazy" decoding="async" width="768" height="1024" src="https://linkbig.es/wp-content/uploads/2023/09/marta-caballos-768x1024.jpg" alt="" class="wp-image-107" style="aspect-ratio:4/3;object-fit:cover" srcset="https://linkbig.es/wp-content/uploads/2023/09/marta-caballos-768x1024.jpg 768w, https://linkbig.es/wp-content/uploads/2023/09/marta-caballos-50x67.jpg 50w, https://linkbig.es/wp-content/uploads/2023/09/marta-caballos-75x100.jpg 75w, https://linkbig.es/wp-content/uploads/2023/09/marta-caballos-338x450.jpg 338w, https://linkbig.es/wp-content/uploads/2023/09/marta-caballos-1600x2133.jpg 1600w, https://linkbig.es/wp-content/uploads/2023/09/marta-caballos-1152x1536.jpg 1152w, https://linkbig.es/wp-content/uploads/2023/09/marta-caballos-1536x2048.jpg 1536w, https://linkbig.es/wp-content/uploads/2023/09/marta-caballos-150x200.jpg 150w, https://linkbig.es/wp-content/uploads/2023/09/marta-caballos-225x300.jpg 225w" sizes="auto, (max-width: 768px) 100vw, 768px" /></figure>
</div>
</div>
</section>



<section class="wp-block-group alignfull team__section-quote is-style-section is-layout-constrained wp-block-group-is-layout-constrained">
<div class="wp-block-group alignwide is-layout-constrained wp-block-group-is-layout-constrained">
<blockquote class="wp-block-quote is-style-team-quote is-layout-flow wp-block-quote-is-layout-flow">
<h3 class="wp-block-heading">Marta Moreno vol compartir alguna cosa amb tu</h3>



<p>Les persones som creatives, completes i plenes de recursos.</p>



<p>Per això, sempre veig els meus clients com la magnífica persona que són, com l’expressió plena del seu autèntic JO, sostenint la seva MILLOR VERSIÓ i, alhora, incloent i abraçant amb COMPASSIÓ aquelles parts que no són expressió d’aquesta millor versió.</p>



<p>D’aquesta manera, el client crea conscientment la seva vida d’acord amb els seus somnis, la seva visió, el seu propòsit, el seu cor i el seu desig, propis i únics. Com a Coach Co-Active, la meva missió és retornar i recordar als meus coachees la seva pròpia llum interior, ajudant-los a retrobar-la.</p>
</blockquote>
</div>
</section>
